{"id":879,"date":"2023-09-18T07:20:09","date_gmt":"2023-09-18T07:20:09","guid":{"rendered":"https:\/\/chateaurochefort.ch\/?page_id=879"},"modified":"2023-09-18T07:20:09","modified_gmt":"2023-09-18T07:20:09","slug":"inauguration","status":"publish","type":"page","link":"https:\/\/chateaurochefort.ch\/?page_id=879","title":{"rendered":"Inauguration"},"content":{"rendered":"\n<h2 class=\"wp-block-heading\">Le 10 juin 2023, la commune de Rochefort et l&rsquo; Association des Amis du Ch\u00e2teau de Rochefort ont eu le plaisir d&rsquo;inaugurer le r\u00e9sultat de plusieurs ann\u00e9es de travail.<\/h2>\n\n\n\n<p class=\"wp-block-paragraph\"><\/p>\n\n\n\n<div class=\"wp-block-columns is-layout-flex wp-container-core-columns-is-layout-8f761849 wp-block-columns-is-layout-flex\">\n<div class=\"wp-block-column is-layout-flow wp-block-column-is-layout-flow\" style=\"flex-basis:100%\">\n<figure class=\"wp-block-image size-full is-resized\"><img fetchpriority=\"high\" decoding=\"async\" src=\"https:\/\/chateaurochefort.ch\/wp-content\/uploads\/2023\/06\/image.png\" alt=\"\" class=\"wp-image-1009\" style=\"width:767px;height:258px\" width=\"767\" height=\"258\" srcset=\"https:\/\/chateaurochefort.ch\/wp-content\/uploads\/2023\/06\/image.png 628w, https:\/\/chateaurochefort.ch\/wp-content\/uploads\/2023\/06\/image-300x101.png 300w\" sizes=\"(max-width: 767px) 100vw, 767px\" \/><\/figure>\n<\/div>\n<\/div>\n\n\n\n<div class=\"wp-block-columns is-layout-flex wp-container-core-columns-is-layout-8f761849 wp-block-columns-is-layout-flex\">\n<div class=\"wp-block-column is-layout-flow wp-block-column-is-layout-flow\">\n<div class=\"wp-block-columns is-layout-flex wp-container-core-columns-is-layout-8f761849 wp-block-columns-is-layout-flex\">\n<div class=\"wp-block-column is-layout-flow wp-block-column-is-layout-flow\">\n<figure class=\"wp-block-image size-full is-resized\"><img decoding=\"async\" src=\"https:\/\/chateaurochefort.ch\/wp-content\/uploads\/2023\/06\/image-3.png\" alt=\"\" class=\"wp-image-1014\" style=\"width:398px;height:138px\" width=\"398\" height=\"138\"\/><\/figure>\n<\/div>\n\n\n\n<div class=\"wp-block-column is-layout-flow wp-block-column-is-layout-flow\">\n<figure class=\"wp-block-image size-large is-resized\"><img decoding=\"async\" src=\"https:\/\/chateaurochefort.ch\/wp-content\/uploads\/2023\/06\/IMG_4949-768x1024.jpeg\" alt=\"\" class=\"wp-image-1013\" style=\"width:226px;height:301px\" width=\"226\" height=\"301\" srcset=\"https:\/\/chateaurochefort.ch\/wp-content\/uploads\/2023\/06\/IMG_4949-768x1024.jpeg 768w, https:\/\/chateaurochefort.ch\/wp-content\/uploads\/2023\/06\/IMG_4949-225x300.jpeg 225w, https:\/\/chateaurochefort.ch\/wp-content\/uploads\/2023\/06\/IMG_4949-1152x1536.jpeg 1152w, https:\/\/chateaurochefort.ch\/wp-content\/uploads\/2023\/06\/IMG_4949-1536x2048.jpeg 1536w, https:\/\/chateaurochefort.ch\/wp-content\/uploads\/2023\/06\/IMG_4949-scaled.jpeg 1920w\" sizes=\"(max-width: 226px) 100vw, 226px\" \/><\/figure>\n<\/div>\n<\/div>\n\n\n\n<div class=\"wp-block-columns is-layout-flex wp-container-core-columns-is-layout-8f761849 wp-block-columns-is-layout-flex\">\n<div class=\"wp-block-column is-layout-flow wp-block-column-is-layout-flow\">\n<figure class=\"wp-block-image size-full is-resized\"><img loading=\"lazy\" decoding=\"async\" src=\"https:\/\/chateaurochefort.ch\/wp-content\/uploads\/2023\/06\/image-5.png\" alt=\"\" class=\"wp-image-1017\" style=\"width:411px;height:119px\" width=\"411\" height=\"119\"\/><\/figure>\n<\/div>\n\n\n\n<div class=\"wp-block-column is-layout-flow wp-block-column-is-layout-flow\">\n<figure class=\"wp-block-image size-large is-resized\"><img loading=\"lazy\" decoding=\"async\" src=\"https:\/\/chateaurochefort.ch\/wp-content\/uploads\/2023\/06\/IMG_4950-1-768x1024.jpeg\" alt=\"\" class=\"wp-image-1018\" style=\"width:229px;height:305px\" width=\"229\" height=\"305\" srcset=\"https:\/\/chateaurochefort.ch\/wp-content\/uploads\/2023\/06\/IMG_4950-1-768x1024.jpeg 768w, https:\/\/chateaurochefort.ch\/wp-content\/uploads\/2023\/06\/IMG_4950-1-225x300.jpeg 225w, https:\/\/chateaurochefort.ch\/wp-content\/uploads\/2023\/06\/IMG_4950-1-1152x1536.jpeg 1152w, https:\/\/chateaurochefort.ch\/wp-content\/uploads\/2023\/06\/IMG_4950-1-1536x2048.jpeg 1536w, https:\/\/chateaurochefort.ch\/wp-content\/uploads\/2023\/06\/IMG_4950-1-scaled.jpeg 1920w\" sizes=\"(max-width: 229px) 100vw, 229px\" \/><\/figure>\n<\/div>\n<\/div>\n\n\n\n<div class=\"wp-block-columns is-layout-flex wp-container-core-columns-is-layout-8f761849 wp-block-columns-is-layout-flex\">\n<div class=\"wp-block-column is-layout-flow wp-block-column-is-layout-flow\">\n<figure class=\"wp-block-image size-full is-resized\"><img loading=\"lazy\" decoding=\"async\" src=\"https:\/\/chateaurochefort.ch\/wp-content\/uploads\/2023\/06\/image-6.png\" alt=\"\" class=\"wp-image-1020\" style=\"width:380px;height:119px\" width=\"380\" height=\"119\"\/><\/figure>\n<\/div>\n\n\n\n<div class=\"wp-block-column is-layout-flow wp-block-column-is-layout-flow\">\n<figure class=\"wp-block-image size-large is-resized\"><img loading=\"lazy\" decoding=\"async\" src=\"https:\/\/chateaurochefort.ch\/wp-content\/uploads\/2023\/06\/IMG_4951-768x1024.jpeg\" alt=\"\" class=\"wp-image-1021\" style=\"width:232px;height:309px\" width=\"232\" height=\"309\" srcset=\"https:\/\/chateaurochefort.ch\/wp-content\/uploads\/2023\/06\/IMG_4951-768x1024.jpeg 768w, https:\/\/chateaurochefort.ch\/wp-content\/uploads\/2023\/06\/IMG_4951-225x300.jpeg 225w, https:\/\/chateaurochefort.ch\/wp-content\/uploads\/2023\/06\/IMG_4951-1152x1536.jpeg 1152w, https:\/\/chateaurochefort.ch\/wp-content\/uploads\/2023\/06\/IMG_4951-1536x2048.jpeg 1536w, https:\/\/chateaurochefort.ch\/wp-content\/uploads\/2023\/06\/IMG_4951-scaled.jpeg 1920w\" sizes=\"(max-width: 232px) 100vw, 232px\" \/><\/figure>\n<\/div>\n<\/div>\n\n\n\n<div class=\"wp-block-columns is-layout-flex wp-container-core-columns-is-layout-8f761849 wp-block-columns-is-layout-flex\">\n<div class=\"wp-block-column is-layout-flow wp-block-column-is-layout-flow\">\n<figure class=\"wp-block-image size-full is-resized\"><img loading=\"lazy\" decoding=\"async\" src=\"https:\/\/chateaurochefort.ch\/wp-content\/uploads\/2023\/06\/image-7.png\" alt=\"\" class=\"wp-image-1023\" style=\"width:382px;height:124px\" width=\"382\" height=\"124\"\/><\/figure>\n<\/div>\n\n\n\n<div class=\"wp-block-column is-layout-flow wp-block-column-is-layout-flow\">\n<figure class=\"wp-block-image size-large is-resized\"><img loading=\"lazy\" decoding=\"async\" src=\"https:\/\/chateaurochefort.ch\/wp-content\/uploads\/2023\/06\/IMG_4953-768x1024.jpeg\" alt=\"\" class=\"wp-image-1024\" style=\"width:234px;height:312px\" width=\"234\" height=\"312\" srcset=\"https:\/\/chateaurochefort.ch\/wp-content\/uploads\/2023\/06\/IMG_4953-768x1024.jpeg 768w, https:\/\/chateaurochefort.ch\/wp-content\/uploads\/2023\/06\/IMG_4953-225x300.jpeg 225w, https:\/\/chateaurochefort.ch\/wp-content\/uploads\/2023\/06\/IMG_4953-1152x1536.jpeg 1152w, https:\/\/chateaurochefort.ch\/wp-content\/uploads\/2023\/06\/IMG_4953-1536x2048.jpeg 1536w, https:\/\/chateaurochefort.ch\/wp-content\/uploads\/2023\/06\/IMG_4953-scaled.jpeg 1920w\" sizes=\"(max-width: 234px) 100vw, 234px\" \/><\/figure>\n<\/div>\n<\/div>\n\n\n\n<div class=\"wp-block-columns is-layout-flex wp-container-core-columns-is-layout-8f761849 wp-block-columns-is-layout-flex\">\n<div class=\"wp-block-column is-layout-flow wp-block-column-is-layout-flow\">\n<figure class=\"wp-block-image size-full is-resized\"><img loading=\"lazy\" decoding=\"async\" src=\"https:\/\/chateaurochefort.ch\/wp-content\/uploads\/2023\/06\/image-8.png\" alt=\"\" class=\"wp-image-1025\" style=\"width:388px;height:133px\" width=\"388\" height=\"133\"\/><\/figure>\n<\/div>\n\n\n\n<div class=\"wp-block-column is-layout-flow wp-block-column-is-layout-flow\">\n<figure class=\"wp-block-image size-large is-resized\"><img loading=\"lazy\" decoding=\"async\" src=\"https:\/\/chateaurochefort.ch\/wp-content\/uploads\/2023\/06\/IMG_4954-768x1024.jpeg\" alt=\"\" class=\"wp-image-1026\" style=\"width:239px;height:318px\" width=\"239\" height=\"318\" srcset=\"https:\/\/chateaurochefort.ch\/wp-content\/uploads\/2023\/06\/IMG_4954-768x1024.jpeg 768w, https:\/\/chateaurochefort.ch\/wp-content\/uploads\/2023\/06\/IMG_4954-225x300.jpeg 225w, https:\/\/chateaurochefort.ch\/wp-content\/uploads\/2023\/06\/IMG_4954-1152x1536.jpeg 1152w, https:\/\/chateaurochefort.ch\/wp-content\/uploads\/2023\/06\/IMG_4954-1536x2048.jpeg 1536w, https:\/\/chateaurochefort.ch\/wp-content\/uploads\/2023\/06\/IMG_4954-scaled.jpeg 1920w\" sizes=\"(max-width: 239px) 100vw, 239px\" \/><\/figure>\n<\/div>\n<\/div>\n<\/div>\n<\/div>\n\n\n<p>La c\u00e9r\u00e9monie qui s\u2019est tenue le samedi 10 juin 2023 marque la fin de la campagne de travaux de mise en valeur des ruines du ch\u00e2teau et des alentours, organis\u00e9e par l\u2019AACRO en association avec la Commune de Rochefort et qui s\u2019est faite sous l\u2019\u00e9gide du Canton de Neuch\u00e2tel par l\u2019Office du patrimoine et de l\u2019arch\u00e9ologie (OPAN) \u2013 Neuch\u00e2tel et l\u2019Institut d\u2019arch\u00e9ologie de l\u2019Universit\u00e9 de Neuch\u00e2tel.<\/p>\n<p>La manifestation du 10 juin 2023 a aussi \u00e9t\u00e9 l\u2019occasion de pr\u00e9senter au public les trois tables d\u2019informations implant\u00e9es par l\u2019AACRO sur le site qui permettent aux visiteurs de mieux cerner la g\u00e9ologie, l\u2019histoire proto-pr\u00e9historique et m\u00e9di\u00e9vale ainsi que de conna\u00eetre les diff\u00e9rents propri\u00e9taires et occupants du site.<\/p>\n<p>Cette c\u00e9r\u00e9monie magnifiquement organis\u00e9e sur les lieux par la Commune (employ\u00e9s et autorit\u00e9s), en collaboration avec l&rsquo;AACRO, a r\u00e9uni environ 150 personnes (habitants de Rochefort et d&rsquo;ailleurs, presse r\u00e9gionale et invit\u00e9s).<\/p>\n\n\nngg_shortcode_0_placeholder\n\n\n\n<div class=\"wp-block-columns is-layout-flex wp-container-core-columns-is-layout-8f761849 wp-block-columns-is-layout-flex\">\n<div class=\"wp-block-column is-layout-flow wp-block-column-is-layout-flow\" style=\"flex-basis:66.66%\">\n<p class=\"wp-block-paragraph\">Vous pouvez lire ce que le journal Arcinfo \u00e9crivait le 11 juin 2023. <a href=\"https:\/\/www.arcinfo.ch\/neuchatel-canton\/littoral\/rochefort\/le-chateau-de-rochefort-un-site-definitivement-unique-1295921?utm_source=native&amp;utm_medium=link&amp;utm_campaign=article&amp;utm_term=2023-06-21\">ICI<\/a><\/p>\n<\/div>\n\n\n\n<div class=\"wp-block-column is-layout-flow wp-block-column-is-layout-flow\" style=\"flex-basis:33.33%\"><\/div>\n<\/div>\n","protected":false},"excerpt":{"rendered":"<p>Le 10 juin 2023, la commune de Rochefort et l&rsquo; Association des Amis du Ch\u00e2teau de Rochefort ont eu le plaisir d&rsquo;inaugurer le r\u00e9sultat de plusieurs ann\u00e9es de travail. La c\u00e9r\u00e9monie qui s\u2019est tenue le samedi 10 juin 2023 marque la fin de la campagne de travaux de mise en valeur des ruines du ch\u00e2teau [&hellip;]<\/p>\n","protected":false},"author":1,"featured_media":0,"parent":0,"menu_order":0,"comment_status":"closed","ping_status":"closed","template":"","meta":{"ngg_post_thumbnail":0,"footnotes":""},"class_list":["post-879","page","type-page","status-publish","hentry"],"_links":{"self":[{"href":"https:\/\/chateaurochefort.ch\/index.php?rest_route=\/wp\/v2\/pages\/879","targetHints":{"allow":["GET"]}}],"collection":[{"href":"https:\/\/chateaurochefort.ch\/index.php?rest_route=\/wp\/v2\/pages"}],"about":[{"href":"https:\/\/chateaurochefort.ch\/index.php?rest_route=\/wp\/v2\/types\/page"}],"author":[{"embeddable":true,"href":"https:\/\/chateaurochefort.ch\/index.php?rest_route=\/wp\/v2\/users\/1"}],"replies":[{"embeddable":true,"href":"https:\/\/chateaurochefort.ch\/index.php?rest_route=%2Fwp%2Fv2%2Fcomments&post=879"}],"version-history":[{"count":13,"href":"https:\/\/chateaurochefort.ch\/index.php?rest_route=\/wp\/v2\/pages\/879\/revisions"}],"predecessor-version":[{"id":1045,"href":"https:\/\/chateaurochefort.ch\/index.php?rest_route=\/wp\/v2\/pages\/879\/revisions\/1045"}],"wp:attachment":[{"href":"https:\/\/chateaurochefort.ch\/index.php?rest_route=%2Fwp%2Fv2%2Fmedia&parent=879"}],"curies":[{"name":"wp","href":"https:\/\/api.w.org\/{rel}","templated":true}]}}

<h2 class="wp-block-heading">Le 10 juin 2023, la commune de Rochefort et l&rsquo; Association des Amis du Château de Rochefort ont eu le plaisir d&rsquo;inaugurer le résultat de plusieurs années de travail.</h2>



<p class="wp-block-paragraph"></p>



<div class="wp-block-columns is-layout-flex wp-container-core-columns-is-layout-8f761849 wp-block-columns-is-layout-flex">
<div class="wp-block-column is-layout-flow wp-block-column-is-layout-flow" style="flex-basis:100%">
<figure class="wp-block-image size-full is-resized"><img fetchpriority="high" decoding="async" src="https://chateaurochefort.ch/wp-content/uploads/2023/06/image.png" alt="" class="wp-image-1009" style="width:767px;height:258px" width="767" height="258" srcset="https://chateaurochefort.ch/wp-content/uploads/2023/06/image.png 628w, https://chateaurochefort.ch/wp-content/uploads/2023/06/image-300x101.png 300w" sizes="(max-width: 767px) 100vw, 767px" /></figure>
</div>
</div>



<div class="wp-block-columns is-layout-flex wp-container-core-columns-is-layout-8f761849 wp-block-columns-is-layout-flex">
<div class="wp-block-column is-layout-flow wp-block-column-is-layout-flow">
<div class="wp-block-columns is-layout-flex wp-container-core-columns-is-layout-8f761849 wp-block-columns-is-layout-flex">
<div class="wp-block-column is-layout-flow wp-block-column-is-layout-flow">
<figure class="wp-block-image size-full is-resized"><img decoding="async" src="https://chateaurochefort.ch/wp-content/uploads/2023/06/image-3.png" alt="" class="wp-image-1014" style="width:398px;height:138px" width="398" height="138"/></figure>
</div>



<div class="wp-block-column is-layout-flow wp-block-column-is-layout-flow">
<figure class="wp-block-image size-large is-resized"><img decoding="async" src="https://chateaurochefort.ch/wp-content/uploads/2023/06/IMG_4949-768x1024.jpeg" alt="" class="wp-image-1013" style="width:226px;height:301px" width="226" height="301" srcset="https://chateaurochefort.ch/wp-content/uploads/2023/06/IMG_4949-768x1024.jpeg 768w, https://chateaurochefort.ch/wp-content/uploads/2023/06/IMG_4949-225x300.jpeg 225w, https://chateaurochefort.ch/wp-content/uploads/2023/06/IMG_4949-1152x1536.jpeg 1152w, https://chateaurochefort.ch/wp-content/uploads/2023/06/IMG_4949-1536x2048.jpeg 1536w, https://chateaurochefort.ch/wp-content/uploads/2023/06/IMG_4949-scaled.jpeg 1920w" sizes="(max-width: 226px) 100vw, 226px" /></figure>
</div>
</div>



<div class="wp-block-columns is-layout-flex wp-container-core-columns-is-layout-8f761849 wp-block-columns-is-layout-flex">
<div class="wp-block-column is-layout-flow wp-block-column-is-layout-flow">
<figure class="wp-block-image size-full is-resized"><img loading="lazy" decoding="async" src="https://chateaurochefort.ch/wp-content/uploads/2023/06/image-5.png" alt="" class="wp-image-1017" style="width:411px;height:119px" width="411" height="119"/></figure>
</div>



<div class="wp-block-column is-layout-flow wp-block-column-is-layout-flow">
<figure class="wp-block-image size-large is-resized"><img loading="lazy" decoding="async" src="https://chateaurochefort.ch/wp-content/uploads/2023/06/IMG_4950-1-768x1024.jpeg" alt="" class="wp-image-1018" style="width:229px;height:305px" width="229" height="305" srcset="https://chateaurochefort.ch/wp-content/uploads/2023/06/IMG_4950-1-768x1024.jpeg 768w, https://chateaurochefort.ch/wp-content/uploads/2023/06/IMG_4950-1-225x300.jpeg 225w, https://chateaurochefort.ch/wp-content/uploads/2023/06/IMG_4950-1-1152x1536.jpeg 1152w, https://chateaurochefort.ch/wp-content/uploads/2023/06/IMG_4950-1-1536x2048.jpeg 1536w, https://chateaurochefort.ch/wp-content/uploads/2023/06/IMG_4950-1-scaled.jpeg 1920w" sizes="(max-width: 229px) 100vw, 229px" /></figure>
</div>
</div>



<div class="wp-block-columns is-layout-flex wp-container-core-columns-is-layout-8f761849 wp-block-columns-is-layout-flex">
<div class="wp-block-column is-layout-flow wp-block-column-is-layout-flow">
<figure class="wp-block-image size-full is-resized"><img loading="lazy" decoding="async" src="https://chateaurochefort.ch/wp-content/uploads/2023/06/image-6.png" alt="" class="wp-image-1020" style="width:380px;height:119px" width="380" height="119"/></figure>
</div>



<div class="wp-block-column is-layout-flow wp-block-column-is-layout-flow">
<figure class="wp-block-image size-large is-resized"><img loading="lazy" decoding="async" src="https://chateaurochefort.ch/wp-content/uploads/2023/06/IMG_4951-768x1024.jpeg" alt="" class="wp-image-1021" style="width:232px;height:309px" width="232" height="309" srcset="https://chateaurochefort.ch/wp-content/uploads/2023/06/IMG_4951-768x1024.jpeg 768w, https://chateaurochefort.ch/wp-content/uploads/2023/06/IMG_4951-225x300.jpeg 225w, https://chateaurochefort.ch/wp-content/uploads/2023/06/IMG_4951-1152x1536.jpeg 1152w, https://chateaurochefort.ch/wp-content/uploads/2023/06/IMG_4951-1536x2048.jpeg 1536w, https://chateaurochefort.ch/wp-content/uploads/2023/06/IMG_4951-scaled.jpeg 1920w" sizes="(max-width: 232px) 100vw, 232px" /></figure>
</div>
</div>



<div class="wp-block-columns is-layout-flex wp-container-core-columns-is-layout-8f761849 wp-block-columns-is-layout-flex">
<div class="wp-block-column is-layout-flow wp-block-column-is-layout-flow">
<figure class="wp-block-image size-full is-resized"><img loading="lazy" decoding="async" src="https://chateaurochefort.ch/wp-content/uploads/2023/06/image-7.png" alt="" class="wp-image-1023" style="width:382px;height:124px" width="382" height="124"/></figure>
</div>



<div class="wp-block-column is-layout-flow wp-block-column-is-layout-flow">
<figure class="wp-block-image size-large is-resized"><img loading="lazy" decoding="async" src="https://chateaurochefort.ch/wp-content/uploads/2023/06/IMG_4953-768x1024.jpeg" alt="" class="wp-image-1024" style="width:234px;height:312px" width="234" height="312" srcset="https://chateaurochefort.ch/wp-content/uploads/2023/06/IMG_4953-768x1024.jpeg 768w, https://chateaurochefort.ch/wp-content/uploads/2023/06/IMG_4953-225x300.jpeg 225w, https://chateaurochefort.ch/wp-content/uploads/2023/06/IMG_4953-1152x1536.jpeg 1152w, https://chateaurochefort.ch/wp-content/uploads/2023/06/IMG_4953-1536x2048.jpeg 1536w, https://chateaurochefort.ch/wp-content/uploads/2023/06/IMG_4953-scaled.jpeg 1920w" sizes="(max-width: 234px) 100vw, 234px" /></figure>
</div>
</div>



<div class="wp-block-columns is-layout-flex wp-container-core-columns-is-layout-8f761849 wp-block-columns-is-layout-flex">
<div class="wp-block-column is-layout-flow wp-block-column-is-layout-flow">
<figure class="wp-block-image size-full is-resized"><img loading="lazy" decoding="async" src="https://chateaurochefort.ch/wp-content/uploads/2023/06/image-8.png" alt="" class="wp-image-1025" style="width:388px;height:133px" width="388" height="133"/></figure>
</div>



<div class="wp-block-column is-layout-flow wp-block-column-is-layout-flow">
<figure class="wp-block-image size-large is-resized"><img loading="lazy" decoding="async" src="https://chateaurochefort.ch/wp-content/uploads/2023/06/IMG_4954-768x1024.jpeg" alt="" class="wp-image-1026" style="width:239px;height:318px" width="239" height="318" srcset="https://chateaurochefort.ch/wp-content/uploads/2023/06/IMG_4954-768x1024.jpeg 768w, https://chateaurochefort.ch/wp-content/uploads/2023/06/IMG_4954-225x300.jpeg 225w, https://chateaurochefort.ch/wp-content/uploads/2023/06/IMG_4954-1152x1536.jpeg 1152w, https://chateaurochefort.ch/wp-content/uploads/2023/06/IMG_4954-1536x2048.jpeg 1536w, https://chateaurochefort.ch/wp-content/uploads/2023/06/IMG_4954-scaled.jpeg 1920w" sizes="(max-width: 239px) 100vw, 239px" /></figure>
</div>
</div>
</div>
</div>


<p>La cérémonie qui s’est tenue le samedi 10 juin 2023 marque la fin de la campagne de travaux de mise en valeur des ruines du château et des alentours, organisée par l’AACRO en association avec la Commune de Rochefort et qui s’est faite sous l’égide du Canton de Neuchâtel par l’Office du patrimoine et de l’archéologie (OPAN) – Neuchâtel et l’Institut d’archéologie de l’Université de Neuchâtel.</p>
<p>La manifestation du 10 juin 2023 a aussi été l’occasion de présenter au public les trois tables d’informations implantées par l’AACRO sur le site qui permettent aux visiteurs de mieux cerner la géologie, l’histoire proto-préhistorique et médiévale ainsi que de connaître les différents propriétaires et occupants du site.</p>
<p>Cette cérémonie magnifiquement organisée sur les lieux par la Commune (employés et autorités), en collaboration avec l&rsquo;AACRO, a réuni environ 150 personnes (habitants de Rochefort et d&rsquo;ailleurs, presse régionale et invités).</p>


ngg_shortcode_0_placeholder



<div class="wp-block-columns is-layout-flex wp-container-core-columns-is-layout-8f761849 wp-block-columns-is-layout-flex">
<div class="wp-block-column is-layout-flow wp-block-column-is-layout-flow" style="flex-basis:66.66%">
<p class="wp-block-paragraph">Vous pouvez lire ce que le journal Arcinfo écrivait le 11 juin 2023. <a href="https://www.arcinfo.ch/neuchatel-canton/littoral/rochefort/le-chateau-de-rochefort-un-site-definitivement-unique-1295921?utm_source=native&amp;utm_medium=link&amp;utm_campaign=article&amp;utm_term=2023-06-21">ICI</a></p>
</div>



<div class="wp-block-column is-layout-flow wp-block-column-is-layout-flow" style="flex-basis:33.33%"></div>
</div>

<p>Le 10 juin 2023, la commune de Rochefort et l&rsquo; Association des Amis du Château de Rochefort ont eu le plaisir d&rsquo;inaugurer le résultat de plusieurs années de travail. La cérémonie qui s’est tenue le samedi 10 juin 2023 marque la fin de la campagne de travaux de mise en valeur des ruines du château [&hellip;]</p>
