{"id":361,"date":"2020-03-28T09:38:29","date_gmt":"2020-03-28T09:38:29","guid":{"rendered":"https:\/\/test.chateaurochefort.ch\/?page_id=361"},"modified":"2021-07-26T08:38:31","modified_gmt":"2021-07-26T08:38:31","slug":"a-propos-2","status":"publish","type":"page","link":"https:\/\/chateaurochefort.ch\/?page_id=361","title":{"rendered":"A propos"},"content":{"rendered":"\t\t<div data-elementor-type=\"wp-page\" data-elementor-id=\"361\" class=\"elementor elementor-361\">\n\t\t\t\t\t\t<section class=\"elementor-section elementor-top-section elementor-element elementor-element-b76c09b elementor-section-boxed elementor-section-height-default elementor-section-height-default\" data-id=\"b76c09b\" data-element_type=\"section\" data-e-type=\"section\">\n\t\t\t\t\t\t<div class=\"elementor-container elementor-column-gap-default\">\n\t\t\t\t\t<div class=\"elementor-column elementor-col-100 elementor-top-column elementor-element elementor-element-931c513\" data-id=\"931c513\" data-element_type=\"column\" data-e-type=\"column\">\n\t\t\t<div class=\"elementor-widget-wrap elementor-element-populated\">\n\t\t\t\t\t\t<div class=\"elementor-element elementor-element-24ceaa1 elementor-widget elementor-widget-heading\" data-id=\"24ceaa1\" data-element_type=\"widget\" data-e-type=\"widget\" data-widget_type=\"heading.default\">\n\t\t\t\t<div class=\"elementor-widget-container\">\n\t\t\t\t\t<h6 class=\"elementor-heading-title elementor-size-default\">A propos des origines du Ch\u00e2teau de Rochefort<\/h6>\t\t\t\t<\/div>\n\t\t\t\t<\/div>\n\t\t\t\t\t<\/div>\n\t\t<\/div>\n\t\t\t\t\t<\/div>\n\t\t<\/section>\n\t\t\t\t<section class=\"elementor-section elementor-top-section elementor-element elementor-element-18c0d7f elementor-section-boxed elementor-section-height-default elementor-section-height-default\" data-id=\"18c0d7f\" data-element_type=\"section\" data-e-type=\"section\">\n\t\t\t\t\t\t<div class=\"elementor-container elementor-column-gap-default\">\n\t\t\t\t\t<div class=\"elementor-column elementor-col-100 elementor-top-column elementor-element elementor-element-ebfa368\" data-id=\"ebfa368\" data-element_type=\"column\" data-e-type=\"column\">\n\t\t\t<div class=\"elementor-widget-wrap elementor-element-populated\">\n\t\t\t\t\t\t<div class=\"elementor-element elementor-element-8a0486f elementor-widget elementor-widget-text-editor\" data-id=\"8a0486f\" data-element_type=\"widget\" data-e-type=\"widget\" data-widget_type=\"text-editor.default\">\n\t\t\t\t<div class=\"elementor-widget-container\">\n\t\t\t\t\t\t\t\t\t<span style=\"text-align: left;\"><span style=\"font-family: Trebuchet MS;\">Sur une colline allong\u00e9e, \u00e0 environ 1 km et demi au sud-ouest du village, se trouve l&#8217;emplacement du ch\u00e2teau de Rochefort. Le site, admirablement choisi, domine d&rsquo;une trentaine de m\u00e8tres le trac\u00e9 de la route passant au nord, et de 300 m le cours de l&rsquo; Areuse. Les arbres, qui ont envahi cette colline o\u00f9 affleure le rocher, emp\u00eachent d&rsquo;appr\u00e9cier \u00e0 sa juste valeur la vue \u00e9tendue et l\u2019importance du secteur surveill\u00e9 par les occupants du lieu. Rien n&rsquo;est parvenu sur les origines de l&rsquo;\u00e9difice. La premi\u00e8re mention, de 1294, apprend que Rodolphe de Neuch\u00e2tel remit temporairement le ch\u00e2teau en garantie \u00e0 son beau-p\u00e8re Louis, de Savoie. Les comtes de Neuch\u00e2tel <i>paraissent n&rsquo;y avoir jamais s\u00e9journ\u00e9, <\/i>contrairement \u00e0 ce qu&rsquo;ils pratiquaient ailleurs.<\/span><\/span>\n\n<span style=\"font-family: Trebuchet MS;\">D&rsquo;importants travaux, voire une reconstruction partielle, furent entrepris entre 1368 et 1373. Les comptes du ch\u00e2telain font \u00e9tat de ma\u00e7ons, de charpentiers et de carriers occup\u00e9s au <i>maisonnement <\/i>du ch\u00e2teau, pour lequel on extrait la pierre des murs et fa\u00e7onne des poutres. Ils pr\u00e9cisent m\u00eame l&rsquo;existence de trois ornements pointus pour garnir des tours, de six fen\u00eatres de pierre closes de barreaux de m\u00e9tal, d&rsquo;un four, de cordes et de dix mille bardeaux destin\u00e9s \u00e0 couvrir la tour principale. Par son testament de 1372, Louis de Neuch\u00e2tel l\u00e9gua le ch\u00e2teau \u00e0 ses b\u00e2tards Jean et Vauthier qui eurent de grandes difficult\u00e9s \u00e0 faire reconna\u00eetre leurs droits. Entre 1376 et 1379, lorsque de nouveaux ouvrages de construction reprirent, le ch\u00e2telain paya de la pierre pour la chapelle. Vauthier se pla\u00e7ant sous la sauvegarde du duc de Bourgogne s&#8217;empara pour tr\u00e8s peu de temps du ch\u00e2teau, dont il avait \u00e9t\u00e9 d\u00e9poss\u00e9d\u00e9, en 1396. La fin tragique de ce b\u00e2tard, ex\u00e9cut\u00e9 en 1413 pour avoir commis des faux en \u00e9criture, a donn\u00e9 naissance \u00e0 une tradition erron\u00e9e selon laquelle le ch\u00e2teau aurait \u00e9t\u00e9 d\u00e9truit alors. En fait, les toits furent constamment entretenus jusqu&rsquo;au milieu du XVe si\u00e8cle; les comptes mentionnent l&rsquo;existence d&rsquo;une tourelle d&rsquo;escalier et de serrures. La ruine par abandon progressif, sans doute, s&rsquo;est produite plus tard; elle est confirm\u00e9e par un texte de 1512<sup>1<\/sup>. Les communes avoisinantes re\u00e7urent l&rsquo;ordre de construire un signal d&rsquo;alarme \u00e0 l&#8217;emplacement du ch\u00e2teau, en 1734. Par d\u00e9cision de 1769, le Conseil d&rsquo;Etat confirma que la commune de Rochefort devait jouir, sous la forme de for\u00eat, de tout l&rsquo;ancien domaine du ch\u00e2teau qui lui \u00e9tait accens\u00e9, alors qu&rsquo;elle s&rsquo;appr\u00eatait \u00e0 extirper des broussailles.\n<img fetchpriority=\"high\" decoding=\"async\" class=\"ngg-singlepic ngg-none alignleft\" src=\"https:\/\/chateaurochefort.ch\/wp-content\/gallery\/image1\/LeSite1879.jpg\" alt=\"LeSite1879\" width=\"335\" height=\"503\" \/>\n<\/span>\n\nEn 1862, \u00e0 la suite d&rsquo;interventions d\u00e9sordonn\u00e9es de chercheurs de tr\u00e9sors, le pasteur James Lardy re\u00e7ut l&rsquo;autorisation de \u00abmettre \u00e0 d\u00e9couvert les ruines du ch\u00e2teau de Rochefort, extirper le mauvais bois qui se trouve dans l&rsquo;enceinte et de rendre le chemin praticable\u00bb. Pour les prot\u00e9ger contre des vandales, les ruines furent mises \u00e0 ban. Quelques fouilles furent ex\u00e9cut\u00e9es en 1879 et un plan dress\u00e9 par ALPHONSE DE MANDROT.\n\nDESCRIPTION. Le site permettait de surveiller le passage au pied des rochers de la Tourne, les gorges de l&rsquo;Areuse et m\u00eame le plateau \u00e0 l&rsquo;ouest de Boudry. Actuellement, il ne reste au sommet de la colline que fort peu de choses, et moins de murs que n&rsquo;en indiquent les plans. Au point culminant, les quelques m\u00e8tres restants d&rsquo;une tour, d&rsquo;environ 3 m sur 4 \u00e0 l&rsquo;int\u00e9rieur, sont form\u00e9s d&rsquo;un moyen appareil irr\u00e9gulier. Au midi, une petite d\u00e9pression fait penser \u00e0 un foss\u00e9 sec. Du c\u00f4t\u00e9 septentrional, une sorte de replat moins \u00e9lev\u00e9 pouvait constituer la Cour. Il ne reste plus de traces visibles d&rsquo;une tour nord, et fort peu de choses du mur oriental qui dominait le chemin d&rsquo;acc\u00e8s sur le flanc droit des assaillants.\t\t\t\t\t\t\t\t<\/div>\n\t\t\t\t<\/div>\n\t\t\t\t\t<\/div>\n\t\t<\/div>\n\t\t\t\t\t<\/div>\n\t\t<\/section>\n\t\t\t\t<\/div>\n\t\t","protected":false},"excerpt":{"rendered":"<p>A propos des origines du Ch\u00e2teau de Rochefort Sur une colline allong\u00e9e, \u00e0 environ 1 km et demi au sud-ouest du village, se trouve l&#8217;emplacement du ch\u00e2teau de Rochefort. Le site, admirablement choisi, domine d&rsquo;une trentaine de m\u00e8tres le trac\u00e9 de la route passant au nord, et de 300 m le cours de l&rsquo; Areuse. [&hellip;]<\/p>\n","protected":false},"author":1,"featured_media":0,"parent":0,"menu_order":0,"comment_status":"closed","ping_status":"closed","template":"","meta":{"ngg_post_thumbnail":0,"footnotes":""},"class_list":["post-361","page","type-page","status-publish","hentry"],"_links":{"self":[{"href":"https:\/\/chateaurochefort.ch\/index.php?rest_route=\/wp\/v2\/pages\/361","targetHints":{"allow":["GET"]}}],"collection":[{"href":"https:\/\/chateaurochefort.ch\/index.php?rest_route=\/wp\/v2\/pages"}],"about":[{"href":"https:\/\/chateaurochefort.ch\/index.php?rest_route=\/wp\/v2\/types\/page"}],"author":[{"embeddable":true,"href":"https:\/\/chateaurochefort.ch\/index.php?rest_route=\/wp\/v2\/users\/1"}],"replies":[{"embeddable":true,"href":"https:\/\/chateaurochefort.ch\/index.php?rest_route=%2Fwp%2Fv2%2Fcomments&post=361"}],"version-history":[{"count":29,"href":"https:\/\/chateaurochefort.ch\/index.php?rest_route=\/wp\/v2\/pages\/361\/revisions"}],"predecessor-version":[{"id":740,"href":"https:\/\/chateaurochefort.ch\/index.php?rest_route=\/wp\/v2\/pages\/361\/revisions\/740"}],"wp:attachment":[{"href":"https:\/\/chateaurochefort.ch\/index.php?rest_route=%2Fwp%2Fv2%2Fmedia&parent=361"}],"curies":[{"name":"wp","href":"https:\/\/api.w.org\/{rel}","templated":true}]}}

<div data-elementor-type="wp-page" data-elementor-id="361" class="elementor elementor-361">
						<section class="elementor-section elementor-top-section elementor-element elementor-element-b76c09b elementor-section-boxed elementor-section-height-default elementor-section-height-default" data-id="b76c09b" data-element_type="section" data-e-type="section">
						<div class="elementor-container elementor-column-gap-default">
					<div class="elementor-column elementor-col-100 elementor-top-column elementor-element elementor-element-931c513" data-id="931c513" data-element_type="column" data-e-type="column">
			<div class="elementor-widget-wrap elementor-element-populated">
						<div class="elementor-element elementor-element-24ceaa1 elementor-widget elementor-widget-heading" data-id="24ceaa1" data-element_type="widget" data-e-type="widget" data-widget_type="heading.default">
				<div class="elementor-widget-container">
					<h6 class="elementor-heading-title elementor-size-default">A propos des origines du Château de Rochefort</h6>				</div>
				</div>
					</div>
		</div>
					</div>
		</section>
				<section class="elementor-section elementor-top-section elementor-element elementor-element-18c0d7f elementor-section-boxed elementor-section-height-default elementor-section-height-default" data-id="18c0d7f" data-element_type="section" data-e-type="section">
						<div class="elementor-container elementor-column-gap-default">
					<div class="elementor-column elementor-col-100 elementor-top-column elementor-element elementor-element-ebfa368" data-id="ebfa368" data-element_type="column" data-e-type="column">
			<div class="elementor-widget-wrap elementor-element-populated">
						<div class="elementor-element elementor-element-8a0486f elementor-widget elementor-widget-text-editor" data-id="8a0486f" data-element_type="widget" data-e-type="widget" data-widget_type="text-editor.default">
				<div class="elementor-widget-container">
									<span style="text-align: left;"><span style="font-family: Trebuchet MS;">Sur une colline allongée, à environ 1 km et demi au sud-ouest du village, se trouve l&#8217;emplacement du château de Rochefort. Le site, admirablement choisi, domine d&rsquo;une trentaine de mètres le tracé de la route passant au nord, et de 300 m le cours de l&rsquo; Areuse. Les arbres, qui ont envahi cette colline où affleure le rocher, empêchent d&rsquo;apprécier à sa juste valeur la vue étendue et l’importance du secteur surveillé par les occupants du lieu. Rien n&rsquo;est parvenu sur les origines de l&rsquo;édifice. La première mention, de 1294, apprend que Rodolphe de Neuchâtel remit temporairement le château en garantie à son beau-père Louis, de Savoie. Les comtes de Neuchâtel <i>paraissent n&rsquo;y avoir jamais séjourné, </i>contrairement à ce qu&rsquo;ils pratiquaient ailleurs.</span></span>

<span style="font-family: Trebuchet MS;">D&rsquo;importants travaux, voire une reconstruction partielle, furent entrepris entre 1368 et 1373. Les comptes du châtelain font état de maçons, de charpentiers et de carriers occupés au <i>maisonnement </i>du château, pour lequel on extrait la pierre des murs et façonne des poutres. Ils précisent même l&rsquo;existence de trois ornements pointus pour garnir des tours, de six fenêtres de pierre closes de barreaux de métal, d&rsquo;un four, de cordes et de dix mille bardeaux destinés à couvrir la tour principale. Par son testament de 1372, Louis de Neuchâtel légua le château à ses bâtards Jean et Vauthier qui eurent de grandes difficultés à faire reconnaître leurs droits. Entre 1376 et 1379, lorsque de nouveaux ouvrages de construction reprirent, le châtelain paya de la pierre pour la chapelle. Vauthier se plaçant sous la sauvegarde du duc de Bourgogne s&#8217;empara pour très peu de temps du château, dont il avait été dépossédé, en 1396. La fin tragique de ce bâtard, exécuté en 1413 pour avoir commis des faux en écriture, a donné naissance à une tradition erronée selon laquelle le château aurait été détruit alors. En fait, les toits furent constamment entretenus jusqu&rsquo;au milieu du XVe siècle; les comptes mentionnent l&rsquo;existence d&rsquo;une tourelle d&rsquo;escalier et de serrures. La ruine par abandon progressif, sans doute, s&rsquo;est produite plus tard; elle est confirmée par un texte de 1512<sup>1</sup>. Les communes avoisinantes reçurent l&rsquo;ordre de construire un signal d&rsquo;alarme à l&#8217;emplacement du château, en 1734. Par décision de 1769, le Conseil d&rsquo;Etat confirma que la commune de Rochefort devait jouir, sous la forme de forêt, de tout l&rsquo;ancien domaine du château qui lui était accensé, alors qu&rsquo;elle s&rsquo;apprêtait à extirper des broussailles.
<img fetchpriority="high" decoding="async" class="ngg-singlepic ngg-none alignleft" src="https://chateaurochefort.ch/wp-content/gallery/image1/LeSite1879.jpg" alt="LeSite1879" width="335" height="503" />
</span>

En 1862, à la suite d&rsquo;interventions désordonnées de chercheurs de trésors, le pasteur James Lardy reçut l&rsquo;autorisation de «mettre à découvert les ruines du château de Rochefort, extirper le mauvais bois qui se trouve dans l&rsquo;enceinte et de rendre le chemin praticable». Pour les protéger contre des vandales, les ruines furent mises à ban. Quelques fouilles furent exécutées en 1879 et un plan dressé par ALPHONSE DE MANDROT.

DESCRIPTION. Le site permettait de surveiller le passage au pied des rochers de la Tourne, les gorges de l&rsquo;Areuse et même le plateau à l&rsquo;ouest de Boudry. Actuellement, il ne reste au sommet de la colline que fort peu de choses, et moins de murs que n&rsquo;en indiquent les plans. Au point culminant, les quelques mètres restants d&rsquo;une tour, d&rsquo;environ 3 m sur 4 à l&rsquo;intérieur, sont formés d&rsquo;un moyen appareil irrégulier. Au midi, une petite dépression fait penser à un fossé sec. Du côté septentrional, une sorte de replat moins élevé pouvait constituer la Cour. Il ne reste plus de traces visibles d&rsquo;une tour nord, et fort peu de choses du mur oriental qui dominait le chemin d&rsquo;accès sur le flanc droit des assaillants.								</div>
				</div>
					</div>
		</div>
					</div>
		</section>
				</div>

<p>A propos des origines du Château de Rochefort Sur une colline allongée, à environ 1 km et demi au sud-ouest du village, se trouve l&#8217;emplacement du château de Rochefort. Le site, admirablement choisi, domine d&rsquo;une trentaine de mètres le tracé de la route passant au nord, et de 300 m le cours de l&rsquo; Areuse. [&hellip;]</p>
