{"id":29,"date":"2019-05-21T16:01:44","date_gmt":"2019-05-21T16:01:44","guid":{"rendered":"https:\/\/test.chateaurochefort.ch\/?page_id=29"},"modified":"2026-04-13T13:19:21","modified_gmt":"2026-04-13T13:19:21","slug":"a-propos","status":"publish","type":"page","link":"https:\/\/chateaurochefort.ch\/","title":{"rendered":"Accueil"},"content":{"rendered":"\n<h2 class=\"wp-block-heading\"><\/h2>\n\n\n\n<p class=\"wp-block-paragraph\">&nbsp;<\/p>\n\n\n\n<h4 class=\"wp-block-heading\"><strong>Information importante<\/strong><\/h4>\n\n\n\n<p class=\"wp-block-paragraph\">Il y a danger d\u2019accident d\u00fb \u00e0 l\u2019instabilit\u00e9 de certaines parties mises \u00e0 jour. En plus il y a risque de chute, les hauteurs de murs \u00e9tant importantes \u00e0 certains endroits. Il est interdit de monter sur les murs.<\/p>\n\n\n\n<p class=\"wp-block-paragraph\"><strong>M<\/strong><b>erci aux visiteurs de respecter cette interdiction<\/b>.<\/p>\n\n\n\n<p class=\"wp-block-paragraph\"><\/p>\n\n\n\n<p class=\"wp-block-paragraph\"><\/p>\n\n\n\n<h4 class=\"wp-block-heading\"><strong>Derni\u00e8res nouvelles<\/strong><\/h4>\n\n\n\n<p class=\"wp-block-paragraph\">\u00a0<em>L&rsquo;assembl\u00e9e g\u00e9n\u00e9rale 2026 a eu lieu dans la salle de r\u00e9union du <strong>Restaurant de La Tourne \u00e0 Rochefort.\u00a0<\/strong><\/em><\/p>\n\n\n\n<p class=\"wp-block-paragraph\"><strong><em>La s\u00e9ance s&rsquo;est tenue le samedi 21 f\u00e9vrier<\/em><\/strong><em>.\u00a0<\/em><\/p>\n\n\n\n<p class=\"wp-block-paragraph\"><em>Le PV de l&rsquo;AG 2026 sera disponible ult\u00e9rieurement<\/em><\/p>\n\n\n\n<p class=\"wp-block-paragraph\"><em>A l&rsquo;issue de notre assembl\u00e9e, nous avons eu l&rsquo;avantage de recevoir <strong>Monsieur\u00a0 Matthieu Honegger,<\/strong>\u00a0 Professeur en arch\u00e9ologie pr\u00e9historique de l&rsquo;Universit\u00e9 de Neuch\u00e2tel qui\u00a0 nous a plong\u00e9s quelques si\u00e8cles en arri\u00e8re avec une pr\u00e9sentation dont le titre est le suivant :<\/em><\/p>\n\n\n\n<p class=\"wp-block-paragraph\"><em>\u2002\u2002\u2002<strong>\u2002\u00a0\u00bbLa protohistoire du site de Rochefort dans son contexte r\u00e9gional\u00a0\u00bb<\/strong><\/em><\/p>\n\n\n\n<p class=\"wp-block-paragraph\"><\/p>\n\n\n\n<h4 class=\"wp-block-heading\">&nbsp;<\/h4>\n\n\n\n<h4 class=\"wp-block-heading\">Avant-Propos<\/h4>\n\n\n\n<h4 class=\"wp-block-heading\"><figure><img decoding=\"async\" width=\"254\" height=\"169\" class=\"alignnone  wp-image-844\" src=\"https:\/\/chateaurochefort.ch\/wp-content\/uploads\/2022\/07\/DSC_5128-300x200.jpg\" alt=\"\" srcset=\"https:\/\/chateaurochefort.ch\/wp-content\/uploads\/2022\/07\/DSC_5128-300x200.jpg 300w, https:\/\/chateaurochefort.ch\/wp-content\/uploads\/2022\/07\/DSC_5128-1024x683.jpg 1024w, https:\/\/chateaurochefort.ch\/wp-content\/uploads\/2022\/07\/DSC_5128-768x512.jpg 768w, https:\/\/chateaurochefort.ch\/wp-content\/uploads\/2022\/07\/DSC_5128-1536x1024.jpg 1536w, https:\/\/chateaurochefort.ch\/wp-content\/uploads\/2022\/07\/DSC_5128-2048x1365.jpg 2048w\" sizes=\"(max-width: 254px) 100vw, 254px\" \/><\/figure><\/h4>\n\n\n\n<p class=\"wp-block-paragraph\">L&rsquo;histoire du Ch\u00e2teau de Rochefort remonte \u00e0 fort longtemps. L&rsquo;Association des Amis du Ch\u00e2teau de Rochefort (AACRO) a \u00e9t\u00e9 cr\u00e9\u00e9e par un groupe de personnes d\u00e9but 2013. Faire conna\u00eetre et faire respecter cet endroit sont les objectifs de l&rsquo;AACRO. En faisant conna\u00eetre l&rsquo;histoire du ch\u00e2teau, elle contribue \u00e0 favoriser la recherche historique : des fouilles ont \u00e9t\u00e9 faites par les \u00e9tudiants des universit\u00e9s de Neuch\u00e2tel et Lausanne sous l&rsquo;\u00e9gide de l&rsquo;OPAN (Office du Patrimoine et de l&rsquo;Arch\u00e9ologie de Neuch\u00e2tel.<\/p>\n\n\n\n<p class=\"wp-block-paragraph\">Avant de retourner la terre, l\u2019histoire du ch\u00e2teau de Rochefort est au c\u0153ur du num\u00e9ro de la revue historique neuch\u00e2teloise 2013\/01.<\/p>\n\n\n\n<p class=\"wp-block-paragraph\">Lire la revue <a href=\"https:\/\/test.chateaurochefort.ch\/wp-content\/uploads\/2020\/03\/Rochefort_RHN_2013_1-2-inter_p1-78.pdf\">ICI<\/a><\/p>\n\n\n\n<p class=\"wp-block-paragraph\"><\/p>\n\n\n\n<h2 class=\"wp-block-heading\">Actualit\u00e9s<\/h2>\n\n\n\n<p class=\"wp-block-paragraph\">Voici quelques images des amis qui ont particip\u00e9 \u00e0 la matin\u00e9e de travail du 3 mai 2025.<\/p>\n\n\n\n<p class=\"wp-block-paragraph\"><\/p>\n\n\n\n<div class=\"wp-block-columns is-layout-flex wp-container-core-columns-is-layout-8f761849 wp-block-columns-is-layout-flex\">\n<div class=\"wp-block-column is-layout-flow wp-block-column-is-layout-flow\" style=\"flex-basis:100%\">\n<div class=\"wp-block-group is-layout-grid wp-container-core-group-is-layout-9d260ee2 wp-block-group-is-layout-grid\">\n<figure class=\"wp-block-image size-full wp-container-content-69bc4bdf\"><img fetchpriority=\"high\" decoding=\"async\" width=\"158\" height=\"343\" src=\"https:\/\/chateaurochefort.ch\/wp-content\/uploads\/2025\/05\/Actu250503-1-1.png\" alt=\"\" class=\"wp-image-1136\" srcset=\"https:\/\/chateaurochefort.ch\/wp-content\/uploads\/2025\/05\/Actu250503-1-1.png 158w, https:\/\/chateaurochefort.ch\/wp-content\/uploads\/2025\/05\/Actu250503-1-1-138x300.png 138w\" sizes=\"(max-width: 158px) 100vw, 158px\" \/><\/figure>\n\n\n\n<figure class=\"wp-block-image size-full wp-container-content-69bc4bdf\"><img decoding=\"async\" width=\"177\" height=\"369\" src=\"https:\/\/chateaurochefort.ch\/wp-content\/uploads\/2025\/05\/Actu250503-2-2.png\" alt=\"\" class=\"wp-image-1137\" srcset=\"https:\/\/chateaurochefort.ch\/wp-content\/uploads\/2025\/05\/Actu250503-2-2.png 177w, https:\/\/chateaurochefort.ch\/wp-content\/uploads\/2025\/05\/Actu250503-2-2-144x300.png 144w\" sizes=\"(max-width: 177px) 100vw, 177px\" \/><\/figure>\n\n\n\n<div class=\"wp-block-columns is-layout-flex wp-container-core-columns-is-layout-8f761849 wp-block-columns-is-layout-flex\">\n<div class=\"wp-block-column is-layout-flow wp-block-column-is-layout-flow\" style=\"flex-basis:100%\">\n<figure class=\"wp-block-image size-full is-resized\"><img loading=\"lazy\" decoding=\"async\" width=\"226\" height=\"410\" src=\"https:\/\/chateaurochefort.ch\/wp-content\/uploads\/2025\/05\/Actu250503-3.png\" alt=\"\" class=\"wp-image-1135\" style=\"width:184px;height:auto\" srcset=\"https:\/\/chateaurochefort.ch\/wp-content\/uploads\/2025\/05\/Actu250503-3.png 226w, https:\/\/chateaurochefort.ch\/wp-content\/uploads\/2025\/05\/Actu250503-3-165x300.png 165w\" sizes=\"(max-width: 226px) 100vw, 226px\" \/><\/figure>\n<\/div>\n<\/div>\n\n\n\n<div class=\"wp-block-columns is-layout-flex wp-container-core-columns-is-layout-8f761849 wp-block-columns-is-layout-flex\">\n<div class=\"wp-block-column is-layout-flow wp-block-column-is-layout-flow\"><\/div>\n<\/div>\n<\/div>\n<\/div>\n<\/div>\n\n\n\n<div class=\"wp-block-columns is-layout-flex wp-container-core-columns-is-layout-8f761849 wp-block-columns-is-layout-flex\">\n<div class=\"wp-block-column is-layout-flow wp-block-column-is-layout-flow\">\n<figure class=\"wp-block-image size-full\"><img loading=\"lazy\" decoding=\"async\" width=\"244\" height=\"425\" src=\"https:\/\/chateaurochefort.ch\/wp-content\/uploads\/2025\/05\/Actu250503-5-1.png\" alt=\"\" class=\"wp-image-1143\" srcset=\"https:\/\/chateaurochefort.ch\/wp-content\/uploads\/2025\/05\/Actu250503-5-1.png 244w, https:\/\/chateaurochefort.ch\/wp-content\/uploads\/2025\/05\/Actu250503-5-1-172x300.png 172w\" sizes=\"(max-width: 244px) 100vw, 244px\" \/><\/figure>\n<\/div>\n\n\n\n<div class=\"wp-block-column is-layout-flow wp-block-column-is-layout-flow\">\n<figure class=\"wp-block-image size-full is-resized\"><img loading=\"lazy\" decoding=\"async\" width=\"228\" height=\"475\" src=\"https:\/\/chateaurochefort.ch\/wp-content\/uploads\/2025\/05\/Actu250503-4-3.png\" alt=\"\" class=\"wp-image-1142\" style=\"width:203px;height:auto\" srcset=\"https:\/\/chateaurochefort.ch\/wp-content\/uploads\/2025\/05\/Actu250503-4-3.png 228w, https:\/\/chateaurochefort.ch\/wp-content\/uploads\/2025\/05\/Actu250503-4-3-144x300.png 144w\" sizes=\"(max-width: 228px) 100vw, 228px\" \/><\/figure>\n<\/div>\n\n\n\n<div class=\"wp-block-column is-layout-flow wp-block-column-is-layout-flow\"><\/div>\n<\/div>\n\n\n\n<div class=\"wp-block-columns is-layout-flex wp-container-core-columns-is-layout-8f761849 wp-block-columns-is-layout-flex\">\n<div class=\"wp-block-column is-layout-flow wp-block-column-is-layout-flow\"><\/div>\n\n\n\n<div class=\"wp-block-column is-layout-flow wp-block-column-is-layout-flow\"><\/div>\n\n\n\n<div class=\"wp-block-column is-layout-flow wp-block-column-is-layout-flow\"><\/div>\n<\/div>\n","protected":false},"excerpt":{"rendered":"<p>&nbsp; Information importante Il y a danger d\u2019accident d\u00fb \u00e0 l\u2019instabilit\u00e9 de certaines parties mises \u00e0 jour. En plus il y a risque de chute, les hauteurs de murs \u00e9tant importantes \u00e0 certains endroits. Il est interdit de monter sur les murs. Merci aux visiteurs de respecter cette interdiction. Derni\u00e8res nouvelles \u00a0L&rsquo;assembl\u00e9e g\u00e9n\u00e9rale 2026 a [&hellip;]<\/p>\n","protected":false},"author":1,"featured_media":0,"parent":0,"menu_order":0,"comment_status":"closed","ping_status":"closed","template":"","meta":{"ngg_post_thumbnail":0,"footnotes":""},"class_list":["post-29","page","type-page","status-publish","hentry"],"_links":{"self":[{"href":"https:\/\/chateaurochefort.ch\/index.php?rest_route=\/wp\/v2\/pages\/29","targetHints":{"allow":["GET"]}}],"collection":[{"href":"https:\/\/chateaurochefort.ch\/index.php?rest_route=\/wp\/v2\/pages"}],"about":[{"href":"https:\/\/chateaurochefort.ch\/index.php?rest_route=\/wp\/v2\/types\/page"}],"author":[{"embeddable":true,"href":"https:\/\/chateaurochefort.ch\/index.php?rest_route=\/wp\/v2\/users\/1"}],"replies":[{"embeddable":true,"href":"https:\/\/chateaurochefort.ch\/index.php?rest_route=%2Fwp%2Fv2%2Fcomments&post=29"}],"version-history":[{"count":95,"href":"https:\/\/chateaurochefort.ch\/index.php?rest_route=\/wp\/v2\/pages\/29\/revisions"}],"predecessor-version":[{"id":1169,"href":"https:\/\/chateaurochefort.ch\/index.php?rest_route=\/wp\/v2\/pages\/29\/revisions\/1169"}],"wp:attachment":[{"href":"https:\/\/chateaurochefort.ch\/index.php?rest_route=%2Fwp%2Fv2%2Fmedia&parent=29"}],"curies":[{"name":"wp","href":"https:\/\/api.w.org\/{rel}","templated":true}]}}

<h2 class="wp-block-heading"></h2>



<p class="wp-block-paragraph">&nbsp;</p>



<h4 class="wp-block-heading"><strong>Information importante</strong></h4>



<p class="wp-block-paragraph">Il y a danger d’accident dû à l’instabilité de certaines parties mises à jour. En plus il y a risque de chute, les hauteurs de murs étant importantes à certains endroits. Il est interdit de monter sur les murs.</p>



<p class="wp-block-paragraph"><strong>M</strong><b>erci aux visiteurs de respecter cette interdiction</b>.</p>



<p class="wp-block-paragraph"></p>



<p class="wp-block-paragraph"></p>



<h4 class="wp-block-heading"><strong>Dernières nouvelles</strong></h4>



<p class="wp-block-paragraph"> <em>L&rsquo;assemblée générale 2026 a eu lieu dans la salle de réunion du <strong>Restaurant de La Tourne à Rochefort. </strong></em></p>



<p class="wp-block-paragraph"><strong><em>La séance s&rsquo;est tenue le samedi 21 février</em></strong><em>. </em></p>



<p class="wp-block-paragraph"><em>Le PV de l&rsquo;AG 2026 sera disponible ultérieurement</em></p>



<p class="wp-block-paragraph"><em>A l&rsquo;issue de notre assemblée, nous avons eu l&rsquo;avantage de recevoir <strong>Monsieur  Matthieu Honegger,</strong>  Professeur en archéologie préhistorique de l&rsquo;Université de Neuchâtel qui  nous a plongés quelques siècles en arrière avec une présentation dont le titre est le suivant :</em></p>



<p class="wp-block-paragraph"><em>   <strong>  »La protohistoire du site de Rochefort dans son contexte régional »</strong></em></p>



<p class="wp-block-paragraph"></p>



<h4 class="wp-block-heading">&nbsp;</h4>



<h4 class="wp-block-heading">Avant-Propos</h4>



<h4 class="wp-block-heading"><figure><img decoding="async" width="254" height="169" class="alignnone  wp-image-844" src="https://chateaurochefort.ch/wp-content/uploads/2022/07/DSC_5128-300x200.jpg" alt="" srcset="https://chateaurochefort.ch/wp-content/uploads/2022/07/DSC_5128-300x200.jpg 300w, https://chateaurochefort.ch/wp-content/uploads/2022/07/DSC_5128-1024x683.jpg 1024w, https://chateaurochefort.ch/wp-content/uploads/2022/07/DSC_5128-768x512.jpg 768w, https://chateaurochefort.ch/wp-content/uploads/2022/07/DSC_5128-1536x1024.jpg 1536w, https://chateaurochefort.ch/wp-content/uploads/2022/07/DSC_5128-2048x1365.jpg 2048w" sizes="(max-width: 254px) 100vw, 254px" /></figure></h4>



<p class="wp-block-paragraph">L&rsquo;histoire du Château de Rochefort remonte à fort longtemps. L&rsquo;Association des Amis du Château de Rochefort (AACRO) a été créée par un groupe de personnes début 2013. Faire connaître et faire respecter cet endroit sont les objectifs de l&rsquo;AACRO. En faisant connaître l&rsquo;histoire du château, elle contribue à favoriser la recherche historique : des fouilles ont été faites par les étudiants des universités de Neuchâtel et Lausanne sous l&rsquo;égide de l&rsquo;OPAN (Office du Patrimoine et de l&rsquo;Archéologie de Neuchâtel.</p>



<p class="wp-block-paragraph">Avant de retourner la terre, l’histoire du château de Rochefort est au cœur du numéro de la revue historique neuchâteloise 2013/01.</p>



<p class="wp-block-paragraph">Lire la revue <a href="https://test.chateaurochefort.ch/wp-content/uploads/2020/03/Rochefort_RHN_2013_1-2-inter_p1-78.pdf">ICI</a></p>



<p class="wp-block-paragraph"></p>



<h2 class="wp-block-heading">Actualités</h2>



<p class="wp-block-paragraph">Voici quelques images des amis qui ont participé à la matinée de travail du 3 mai 2025.</p>



<p class="wp-block-paragraph"></p>



<div class="wp-block-columns is-layout-flex wp-container-core-columns-is-layout-8f761849 wp-block-columns-is-layout-flex">
<div class="wp-block-column is-layout-flow wp-block-column-is-layout-flow" style="flex-basis:100%">
<div class="wp-block-group is-layout-grid wp-container-core-group-is-layout-9d260ee2 wp-block-group-is-layout-grid">
<figure class="wp-block-image size-full wp-container-content-69bc4bdf"><img fetchpriority="high" decoding="async" width="158" height="343" src="https://chateaurochefort.ch/wp-content/uploads/2025/05/Actu250503-1-1.png" alt="" class="wp-image-1136" srcset="https://chateaurochefort.ch/wp-content/uploads/2025/05/Actu250503-1-1.png 158w, https://chateaurochefort.ch/wp-content/uploads/2025/05/Actu250503-1-1-138x300.png 138w" sizes="(max-width: 158px) 100vw, 158px" /></figure>



<figure class="wp-block-image size-full wp-container-content-69bc4bdf"><img decoding="async" width="177" height="369" src="https://chateaurochefort.ch/wp-content/uploads/2025/05/Actu250503-2-2.png" alt="" class="wp-image-1137" srcset="https://chateaurochefort.ch/wp-content/uploads/2025/05/Actu250503-2-2.png 177w, https://chateaurochefort.ch/wp-content/uploads/2025/05/Actu250503-2-2-144x300.png 144w" sizes="(max-width: 177px) 100vw, 177px" /></figure>



<div class="wp-block-columns is-layout-flex wp-container-core-columns-is-layout-8f761849 wp-block-columns-is-layout-flex">
<div class="wp-block-column is-layout-flow wp-block-column-is-layout-flow" style="flex-basis:100%">
<figure class="wp-block-image size-full is-resized"><img loading="lazy" decoding="async" width="226" height="410" src="https://chateaurochefort.ch/wp-content/uploads/2025/05/Actu250503-3.png" alt="" class="wp-image-1135" style="width:184px;height:auto" srcset="https://chateaurochefort.ch/wp-content/uploads/2025/05/Actu250503-3.png 226w, https://chateaurochefort.ch/wp-content/uploads/2025/05/Actu250503-3-165x300.png 165w" sizes="(max-width: 226px) 100vw, 226px" /></figure>
</div>
</div>



<div class="wp-block-columns is-layout-flex wp-container-core-columns-is-layout-8f761849 wp-block-columns-is-layout-flex">
<div class="wp-block-column is-layout-flow wp-block-column-is-layout-flow"></div>
</div>
</div>
</div>
</div>



<div class="wp-block-columns is-layout-flex wp-container-core-columns-is-layout-8f761849 wp-block-columns-is-layout-flex">
<div class="wp-block-column is-layout-flow wp-block-column-is-layout-flow">
<figure class="wp-block-image size-full"><img loading="lazy" decoding="async" width="244" height="425" src="https://chateaurochefort.ch/wp-content/uploads/2025/05/Actu250503-5-1.png" alt="" class="wp-image-1143" srcset="https://chateaurochefort.ch/wp-content/uploads/2025/05/Actu250503-5-1.png 244w, https://chateaurochefort.ch/wp-content/uploads/2025/05/Actu250503-5-1-172x300.png 172w" sizes="(max-width: 244px) 100vw, 244px" /></figure>
</div>



<div class="wp-block-column is-layout-flow wp-block-column-is-layout-flow">
<figure class="wp-block-image size-full is-resized"><img loading="lazy" decoding="async" width="228" height="475" src="https://chateaurochefort.ch/wp-content/uploads/2025/05/Actu250503-4-3.png" alt="" class="wp-image-1142" style="width:203px;height:auto" srcset="https://chateaurochefort.ch/wp-content/uploads/2025/05/Actu250503-4-3.png 228w, https://chateaurochefort.ch/wp-content/uploads/2025/05/Actu250503-4-3-144x300.png 144w" sizes="(max-width: 228px) 100vw, 228px" /></figure>
</div>



<div class="wp-block-column is-layout-flow wp-block-column-is-layout-flow"></div>
</div>



<div class="wp-block-columns is-layout-flex wp-container-core-columns-is-layout-8f761849 wp-block-columns-is-layout-flex">
<div class="wp-block-column is-layout-flow wp-block-column-is-layout-flow"></div>



<div class="wp-block-column is-layout-flow wp-block-column-is-layout-flow"></div>



<div class="wp-block-column is-layout-flow wp-block-column-is-layout-flow"></div>
</div>

<p>&nbsp; Information importante Il y a danger d’accident dû à l’instabilité de certaines parties mises à jour. En plus il y a risque de chute, les hauteurs de murs étant importantes à certains endroits. Il est interdit de monter sur les murs. Merci aux visiteurs de respecter cette interdiction. Dernières nouvelles  L&rsquo;assemblée générale 2026 a [&hellip;]</p>
